termine n(8).
68
Let n(f) = -f**3 - 27*f**2 + 56*f - 45. What is n(-29)?
13
Let d(b) = 5*b + 4. Give d(-3).
-11
Let m(i) = -i**3 + 14*i**2 + 16*i - 13. Determine m(15).
2
Let p(o) = o**2 + 13*o + 68. Calculate p(-6).
26
Let u(j) = j - 16. Give u(10).
-6
Let v(q) = 11*q**3 - 2*q**2 - 5*q + 8. What is v(2)?
78
Let u(j) = 9*j - 12. What is u(8)?
60
Let i(x) = 2*x**2 - 26*x + 21. Determine i(12).
-3
Let m(g) = 6*g**3 + 6*g - 7. Determine m(1).
5
Let v(f) = -f**3 + 22*f**2 + 22*f + 29. Determine v(23).
6
Let p(o) = o**3 + 35*o**2 + 36*o + 74. Determine p(-34).
6
Let f(i) = -i**3 + 7*i**2 + 11*i + 14. Calculate f(9).
-49
Let o(r) = r**3 - 10*r**2 + r - 2. What is o(9)?
-74
Let w(r) = -r**3 + r**2 + 2*r - 2. Calculate w(-3).
28
Let h(r) = 3*r**2 - r - 6. What is h(-3)?
24
Let r(v) = v**3 + 5*v**2 + v + 2. Calculate r(-4).
14
Let a(u) = -u**3 + 15*u**2 + 16*u - 8. Determine a(16).
-8
Let y(l) = l + 56. What is y(0)?
56
Let x(s) = -s**3 + 8*s**2 + 2*s - 13. Give x(8).
3
Let w(n) = n + 6. Calculate w(-10).
-4
Let l(h) = h + 11. Calculate l(5).
16
Let v(w) = -2*w + 4. Calculate v(-10).
24
Let h(d) = d**2 + 12*d - 274. Determine h(-24).
14
Let m(l) = -l + 39. Calculate m(0).
39
Let v(c) = 30*c + 934. Give v(-31).
4
Let l(t) = 2*t - 20. What is l(-16)?
-52
Let t(f) = f**2 - 13*f - 5. Determine t(15).
25
Let v(q) = q + 2. What is v(1)?
3
Let t(v) = -v**2 - 11*v + 5. Determine t(-5).
35
Let w(f) = f**2 - 35*f - 72. Give w(-2).
2
Let h(c) = -44*c**3 + c**2 + c - 1. Determine h(1).
-43
Let q(l) = -l**2 - 5*l + 9. Give q(-6).
3
Let p(j) = 3*j + 5. Calculate p(0).
5
Let x(k) = 8*k + 1. What is x(-2)?
-15
Let o(t) = 11*t + 50. Determine o(-4).
6
Let a(n) = 35*n + 237. Calculate a(-6).
27
Let j(z) = -z - 21. What is j(-7)?
-14
Let y(w) = -w**2 - 4*w + 7. Give y(-7).
-14
Let w(t) = t**3 - 4*t**2 - 2*t + 5. Determine w(-3).
-52
Let c(g) = 44*g + 215. Give c(-5).
-5
Let w(f) = f**3 - 2*f**2 - f + 1. What is w(0)?
1
Let z(v) = -2*v - 13. Determine z(4).
-21
Let z(v) = 14*v + 4. Determine z(4).
60
Let g(i) = -4*i + 71. What is g(17)?
3
Let f(l) = 5*l**3 - 3*l**2 - 6*l + 8. Determine f(2).
24
Let s(g) = 142*g - 848. Calculate s(6).
4
Let y(f) = -2*f**2 - 3*f + 45. Calculate y(-8).
-59
Let c(p) = 11*p - 66. Calculate c(7).
11
Let a(j) = j**3 + 8*j**2 - 35*j - 14. What is a(-11)?
8
Let k(s) = -138*s - 696. Determine k(-5).
-6
Let k(n) = -2*n**3 - 2*n**2 - 4*n - 5. Determine k(-3).
43
Let f(o) = -8*o. Determine f(-3).
24
Let k(m) = m**2 - 16*m - 5. Calculate k(18).
31
Let o(r) = -9*r - 202. What is o(-22)?
-4
Let s(a) = -18*a + 29. Calculate s(9).
-133
Let s(n) = -10*n + 212. What is s(20)?
12
Let b(y) = 2*y**2 + 3*y + 3. Determine b(-2).
5
Let u(d) = -d**2 - 23*d + 28. Calculate u(-24).
4
Let s(z) = 2*z**2 - 20*z + 3. What is s(10)?
3
Let l(d) = -8*d**2 - 6*d + 7. What is l(1)?
-7
Let z(t) = t - 25. What is z(13)?
-12
Let l(b) = 11*b - 58. What is l(5)?
-3
Let h(x) = x**3 + 3*x - 3. What is h(-3)?
-39
Let p(v) = -6*v**2 - 11*v - 4. Calculate p(-2).
-6
Let l(v) = -65*v**3 + v**2 - 2*v + 2. Calculate l(1).
-64
Let y(t) = -t**2 + 14*t + 33. What is y(17)?
-18
Let v(k) = 20*k - 30. What is v(2)?
10
Let k(q) = -q**2 + 13*q - 23. Determine k(9).
13
Let r(d) = -d**2 - 12*d + 4. What is r(-13)?
-9
Let y(t) = -t**3 + 7*t**2 - 8. What is y(5)?
42
Let o(l) = 82*l - 75. What is o(1)?
7
Let m(n) = -n**2 - 13*n + 7. Determine m(-13).
7
Let f(d) = d - 8. What is f(16)?
8
Let h(g) = -g**2 + 12*g - 6. Give h(12).
-6
Let f(x) = 4*x**2 + 2*x + 3. Calculate f(-2).
15
Let s(x) = x**2 + x - 2. Calculate s(-5).
18
Let m(w) = 5*w - 30. What is m(7)?
5
Let y(v) = -v**2 - 7*v + 187. Calculate y(-17).
17
Let c(l) = l**3 - 3*l**2. What is c(3)?
0
Let c(g) = g**2 - 9*g. Determine c(10).
10
Let a(i) = -22*i - 222. Give a(-10).
-2
Let b(p) = -7*p**3 - 2*p**2 - 2*p - 1. Calculate b(-1).
6
Let x(m) = m**2 - 15*m + 88. What is x(9)?
34
Let l(f) = f**3 + 9*f**2 - 5*f + 13. What is l(-10)?
-37
Let z(o) = -6*o + 49. Determine z(7).
7
Let y(t) = t**2 - 33*t + 42. What is y(31)?
-20
Let l(k) = -2*k**3 - 8*k**2 - 5*k + 1. Give l(-3).
-2
Let f(k) = 57*k**2 - 2*k - 1. What is f(-1)?
58
Let o(q) = -q**2 + 15*q - 25. Give o(11).
19
Let c(b) = -10*b + 115. Give c(11).
5
Let x(l) = 8*l**3 - 2*l**2 + 2*l - 1. Calculate x(1).
7
Let m(q) = -q**2 - 10*q - 10. Calculate m(-13).
-49
Let v(o) = -5*o**2 - o + 13. Determine v(5).
-117
Let p(s) = s**3 + 15*s**2 + 14*s - 16. Calculate p(-14).
-16
Let k(g) = -g**3 - 14*g**2 - 24*g - 70. Give k(-13).
73
Let o(c) = 7*c + 280. Calculate o(-40).
0
Let c(n) = 11*n**2 - n - 3. Give c(-1).
9
Let g(l) = 2*l**2 - l - 2. Determine g(-3).
19
Let i(v) = -v**3 - 3*v**2 + 20*v + 6. Give i(-6).
-6
Let j(u) = 12*u + 90. What is j(-8)?
-6
Let g(u) = 2*u**2 + 8*u + 7. Calculate g(-6).
31
Let j(n) = n**2 - 18*n - 5. Determine j(9).
-86
Let q(x) = -18*x + 35. Determine q(3).
-19
Let z(p) = -p**3 + 10*p**2 - 5*p + 44. What is z(10)?
-6
Let n(r) = 13*r - 109. Calculate n(8).
-5
Let d(p) = -p**3 - 11*p**2 + 7*p + 22. Determine d(-11).
-55
Let i(d) = d**3 - 6*d**2 + 6. Give i(6).
6
Let m(z) = -z**2 + 13*z + 87. Calculate m(17).
19
Let v(b) = 2*b**3 + 7*b**2 + 11*b + 6. Give v(-5).
-124
Let v(o) = 2*o**2 - 17*o + 28. What is v(6)?
-2
Let n(y) = y**3 + 6*y**2 + 5*y - 5. Give n(-5).
-5
Let k(p) = 4*p**3 + 3*p**2 + 1. Give k(-3).
-80
Let z(u) = u**2 + 21*u + 36. Determine z(-20).
16
Let c(b) = b**3 + 6*b**2 + 2*b + 6. Determine c(-6).
-6
Let f(w) = 39*w + 860. Determine f(-22).
2
Let q(t) = t**2 + 6*t - 43. What is q(-8)?
-27
Let t(d) = -d**3 + 3*d**2 + 7*d - 2. What is t(5)?
-17
Let m(r) = 4*r + 1. What is m(-1)?
-3
Let w(x) = x**3 + 7*x**2 + 4*x - 5. Calculate w(-6).
7
Let x(q) = 22*q + 11. Calculate x(-3).
-55
Let h(r) = -r**2 - 28*r + 19. Calculate h(-29).
-10
Let t(m) = m**2 + 8*m + 3. Give t(-6).
-9
Let i(z) = -z**2 - 12*z + 5. What is i(-12)?
5
Let b(q) = q**2 - 6*q + 12. Calculate b(5).
7
Let k(i) = -2*i + 13. What is k(4)?
5
Let v(r) = -r**3 - 7*r**2 - 5*r + 5. Give v(-6).
-1
Let h(s) = -s**3 - 7*s**2 - 8*s - 4. Give h(-2).
-8
Let p(h) = -h**3 + 16*h**2 + 4*h - 64. What is p(16)?
0
Let m(p) = p**3 + 2*p**2 - 26*p - 6. Determine m(-6).
6
Let l(z) = 4*z**2 + 8*z + 2. Calculate l(-4).
34
Let a(d) = d**3 - 13*d**2 + 12*d. What is a(12)?
0
Let d(a) = -a + 3. Determine d(3).
0
Let f(i) = i**2 + 9*i + 10. Determine f(-8).
2
Let m(g) = -3*g**2 - 25*g - 16. What is m(-8)?
-8
Let b(n) = -n**3 + 10*n**2 + 6*n - 5. Give b(10).
55
Let y(j) = -j**2 + 26*j - 25. Give y(25).
0
Let j(r) = -r**3 + r**2 + 5*r + 4. What is j(-3)?
25
Let q(b) = b**3 - 6*b**2 - 6*b + 1. What is q(5)?
-54
Let c(k) = 28*k - 9. Give c(-2).
-65
Let q(l) = 26*l + 14. What is q(-3)?
-64
Let d(y) = y**3 - 5*y**2 + 2*y + 4. Determine d(5).
14
Let n(f) = -f**2 - 7*f + 2. Calculate n(-7).
2
Let g(h) = h**3 + 6*h**2 + 11*h + 21. Calculate g(-5).
-9
Let l(v) = v**3 - 7*v**2 - 44*v. What is l(11)?
0
Let c(v) = v**3 - 47*v**2 + 512*v - 68. Give c(30).
-8
Let f(b) = b**2 + 5*b - 15. Calculate f(-6).
-9
Let b(i) = 2*i**2 - 17*i + 5. Give b(8).
-3
Let s(l) = 54*l + 13. Determine s(-1).
-41
Let d(b) = -6*b - 2. Calculate d(-2).
10
Let h(l) = l**2 + 2. What is h(0)?
2
Let f(v) = -5*v - 66. Calculate f(-12).
-6
Let t(j) = j**2 - 9*j + 5. Calculate t(6).
-13
Let f(g) = -g**3 + 7*g**2 + 7*g + 24. Give f(9).
-75
Let y(l) = 11*l**2 + 8*l + 7. Calculate y(-1).
10
Let n(f) = f**2 - 4*f - 108. What is n(8)?
-76
Let o(y) = 2*y**3 - 2*y + 3. Give o(2).
15
Let c(x) = x**3 + 11*x**2 + 10*x. Give c(-10).
0
Let v(f) = -f**2 + 8*f + 30. What is v(11)?
-3
Let p(v) = -v**2 + 21*v - 25. Calculate p(19).
13
Let p(f) = 2*f**3 - 21*f**2 - 14*f + 10. Give p(11).
-23
Let k(b) = -b**3 + 2*b - 2. Give k(-3).
19
Let q(t) = t**3 - 33*t**2 + 4. Give q(33).
4
Let r(f) = -f**3 - 7*f**2 + 7*f + 8. Determine r(-8).
16
Let d(f) = -f**2 - 17*f + 122. Give d(-23).
-16
Let x(z) = 12*z**3 - z**2 - 5*z - 3. Calculate x(-1).
-11
Let h(f) = f**3 + 9*f**2 + 9*f - 11. What is h(-8)?
-19
Let l(i) = -80*i**2 - 2*i - 2. Calculate l(-1).
-80
Let r(l) = -l**3 + l**2 - 4*l + 65. Give r(0).
65
Let p(w) = -w**2 - 7*w + 2. Give p(-8).
-6
Let x(s) = s**3 - 3*s**2 - s - 3. Calculate x(4).
9
Let m(a) = -a + 23. Give m(12).
11
Let h(n) = n**3 + 11*n**2 - 14*n - 14. Give h(-12).
10
Let b(t) = -t**2 + 4*t